hat is the hundreds digit of ((-22)/3)/(n/66)?
4
Let b = -8 - -12. Let g(u) = 776*u + 134. Let m be g(-7). What is the tens digit of (b/5)/(3 - m/(-1770))?
1
Let k = -52 + 56. What is the units digit of k + -4 - (-3)/(3/304)?
4
Suppose -8707 = -l + q, -4213 = -l - q + 4484. What is the thousands digit of l?
8
Suppose -474*n + 343*n + 1025206 = 0. What is the tens digit of n?
2
Let q be 5*3*(1 - 2). Let k = q - 0. Let j = k + 77. What is the units digit of j?
2
Let t = -6 - -2. Let s(q) = q**2 + q - 7. Let f(k) = -4*k - 20. Let p(i) = -f(i) + 3*s(i). What is the tens digit of p(t)?
1
Let z(r) = -151*r + 4494. What is the tens digit of z(0)?
9
Let h(f) = -4*f**2 - 15*f**2 - 18 - 3*f - 7*f + 34*f**2. What is the tens digit of h(-4)?
6
Suppose 0 = -2*q + 4*a + 132238, 2*q - 187736 = -3*a - 55477. What is the ten thousands digit of q?
6
Let x = -95 + 95. Let a = x + 1. What is the units digit of a*(-3)/4 - 1530/(-24)?
3
Let l be 4489/9 - ((-48)/54)/4. Let f = l + -212. What is the units digit of f?
7
Let f(k) = -17*k**2 - 17*k - 9. Let o(n) = -9*n**2 - 9*n - 5. Let z(l) = -6*f(l) + 11*o(l). Let g be z(-2). What is the units digit of g + 238/4 - (-2)/(-4)?
4
Let i = 14850 + 28190. What is the tens digit of i?
4
What is the tens digit of (1056/(-64))/33 - (1358/(-4) - -2)?
3
Let r(t) = t**3 + 3*t**2 + 2*t + 1. Let k be r(-3). Let o(d) = 3*d + 11. Let l be o(k). What is the tens digit of (-74)/(l + 10/3)?
1
Let c(d) = -2*d**2 + 2*d + 20. Let l be c(0). Let u(v) = 11*v - l*v + 18*v + 1 - 9. What is the units digit of u(6)?
6
Let j(i) be the third derivative of 2*i**2 - 19/6*i**3 - 5/8*i**4 + 0 + 4*i. What is the units digit of j(-11)?
6
What is the tens digit of (-16)/40 - 29022/(-5)?
0
Let b = -89 + 20. What is the tens digit of (46/b)/((-2)/198)?
6
Let k = 5310 + -4507. What is the tens digit of k?
0
Let w(t) = 2*t**3 + 8*t**2 + 17*t - 39. What is the tens digit of w(7)?
5
Let j(f) = 11*f**3 - 7*f**2 - 29*f + 173. What is the units digit of j(7)?
0
Suppose 3*p + 6 = 0, 0 = -2*d - p + 2*p + 68. Suppose 14*u - 37365 = -d*u. What is the units digit of u?
5
Let g(r) = r**2 - 28*r + 865. What is the hundreds digit of g(-63)?
5
Let i(d) = 92*d**2 + 156*d + 1. What is the units digit of i(-9)?
9
Suppose -4*s + 25649 = 3*w, 5*s - 3*w - 31995 - 46 = 0. What is the tens digit of s?
1
What is the hundreds digit of 6405/(6*(-7)/(-42)*1)?
4
Suppose 3710 = 9*a - 6914 - 2399. What is the thousands digit of a?
1
Suppose 2*i = -4*g + 20392, 2*g - 310*i = -314*i + 10172. What is the tens digit of g?
0
Suppose 95*i - 168 = 74*i. Let v(m) = -2*m + 2*m**2 - 13 - 4*m - 4*m. What is the units digit of v(i)?
5
Suppose -5*o + 57 + 16989 = -9964. What is the units digit of o?
2
Let y = 23352 + -11127. What is the thousands digit of y?
2
Let a(d) = 7*d**2 + 3*d. Let o be a(1). Let v be 10*(-5)/o*-2. Let x(r) = r**2 - 7*r + 8. What is the tens digit of x(v)?
3
Suppose 0 = -11*j + j + 251760. What is the hundreds digit of (1 - 0)/(24/j)?
0
Suppose m = -3*s - 24, -4*m - 23 = -3*m + 2*s. What is the hundreds digit of 0 + (-6)/m + (-1566)/(-7)?
2
Let p = 4628 - -22140. What is the hundreds digit of p?
7
Let i = 2423 - 1124. Let s = -716 + i. What is the tens digit of s?
8
Let q(g) be the third derivative of 0 + 70/3*g**3 - 1/60*g**5 - 1/24*g**4 + 1/120*g**6 - 8*g**2 + 0*g. What is the tens digit of q(0)?
4
Suppose -52*u = -50*u + 80. What is the tens digit of -10*((-12)/16 + 1018/u)?
6
Let z(a) = -2*a**2 - 8*a + 54. Let u be z(-7). Suppose 17*j = u*j + 2620. What is the tens digit of j?
2
Let m(n) = -4*n + 46. Let w = -107 - -112. Let j be m(w). Let y(o) = o**2 - 21*o - 5. What is the tens digit of y(j)?
2
Suppose -28 = -4*m, 5*m = -a + 178 + 6881. What is the tens digit of a?
2
Let o be 6/21 - 11836/(-28). Let x = 202 - o. Let h = x + 400. What is the units digit of h?
9
Let u(g) = 9829*g + 342. What is the tens digit of u(1)?
7
Let q = 658 - -1376. What is the tens digit of q?
3
Let u be (-7758)/(-48) + 9/24. Let b = 915 - u. What is the tens digit of b?
5
Suppose 4*h - 2*i + 3*i + 22 = 0, 4*h + 4*i + 16 = 0. Let x be 817/3 - ((-26)/h - 5). Suppose 9*s - 3*w - x = 4*s, 3*s - 161 = -w. What is the units digit of s?
4
Suppose 3*w = -4*m + 30683, 5*m + 2*w - 32754 - 5605 = 0. What is the units digit of m?
3
What is the hundreds digit of ((-57964)/6 + 0)*2205/(-1470)?
4
Suppose j + 3*x = 2, 8*j + x = 9*j - 6. Suppose -1025 = -2*u + c, -j*u - c - 2*c = -2590. What is the tens digit of u?
1
Suppose -4*m - 295704 = -7*m. Suppose 0 = 3*n - 0*n + m. What is the units digit of 1*(-1)/(-5) - n/370?
9
Let y = -6503 - -23549. What is the ten thousands digit of y?
1
Let m = 4288 - -475. What is the thousands digit of m?
4
Suppose 0 = -2*w + 3*n - 970, w + 8*n - 7*n = -485. Let d = w + 1312. What is the units digit of d?
7
Suppose -5*q + 174 = -41. Let t = 43 - q. Suppose 0*r - 7*r + 42 = t. What is the units digit of r?
6
What is the hundreds digit of -28147*((-168)/(-49) + -4)?
0
Let y(i) = 8*i + 18. Let g be y(-2). Suppose -f + 3181 = 4*c - g*f, -5*c - 5*f + 3970 = 0. What is the hundreds digit of c?
7
Let o be 8/30*5*3. Suppose -3*t - 606 = -5*d, o*d + 5*t = -0*t + 470. What is the tens digit of d?
2
Let m(l) be the third derivative of -l**6/60 + 2*l**5/15 + l**4/2 + 5*l**3/6 - 2*l**2 - 49*l. What is the hundreds digit of m(-5)?
3
Let v(l) = l. Let r be v(4). Suppose 2*p - 2*p - r*p = 0. Suppose -3*j + p*j = -225. What is the units digit of j?
5
Let r(c) = c**2 + 39*c - 78. Let o be r(-41). Suppose 472 = 2*j - 5*k, -o*j = -9*j + 4*k + 1146. What is the units digit of j?
6
Suppose 0 = 11*y - 8*y - 3030. Suppose 2*z + y = -8*z. Let v = -47 - z. What is the units digit of v?
4
Suppose 5*t + 263 = w, 4*w - 1040*t + 1044*t - 980 = 0. What is the units digit of w?
8
Let c = -17173 - -24687. What is the tens digit of c?
1
Let d = -5 + 5. Suppose 189 = 12*k - 207. Suppose d = -3*b + 7*b - 2*h - 102, 0 = -b + 2*h + k. What is the units digit of b?
3
Let i = -62 - -114. Suppose 200*h - 201*h + 5*n = -233, 0 = 3*h + n - 587. Let r = i + h. What is the units digit of r?
0
Let v(r) = -3*r - 74. Let j(p) = -4*p - 74. Let c be 9/12 + (-2)/(-8) - 7. Let l(h) = c*v(h) + 5*j(h). What is the units digit of l(0)?
4
Let c(x) = 22*x**2 - 31*x + 25. Let r be c(-40). Suppose -55*f + r = -15070. What is the units digit of f?
7
What is the hundreds digit of (-12)/9 - (8 - 28826/6)?
7
Suppose -29 = r - 5*x - 173, -r + 2*x = -144. Let q = 84 - r. Let p = 23 - q. What is the tens digit of p?
8
Suppose 8*b - 5 = 139. Suppose -2 = 4*z + b, -5*u = -5*z - 1960. What is the tens digit of u?
8
Let j = -339 + 355. Suppose -j*i - 850 = -14738. What is the units digit of i?
8
Let t(u) = 979*u**2 + 89*u - 534. What is the ten thousands digit of t(5)?
2
Suppose d - 159 = 3*v + 1662, 4*d + 2*v = 7270. What is the thousands digit of d?
1
Let t(r) = r**2 + 2*r. Let d be t(5). Suppose 452*w + 510 = 486*w. What is the hundreds digit of (2 - -1 - d/w)*345?
2
Suppose -5 = -5*c - w, -3*c + 5*w = 2*w - 21. Suppose -3*i = 2*z - 560, -c*i + 201 + 159 = -2*z. What is the hundreds digit of i?
1
Suppose 140750 + 281091 = 49*t. What is the hundreds digit of t?
6
Let n = -586 - -358. Let g = 381 - n. What is the hundreds digit of g?
6
Let j be 10/(90/(-27)) - (-177 + 1). Let p = j + -130. What is the units digit of p?
3
Let n be (10/(-4)*4)/((-1)/(-3)). Let m be (((-5)/5)/(-1))/((-1)/n). Let y = 9 + m. What is the tens digit of y?
3
Suppose 0 = -4*l + 3*b - 0*b + 18, l - 13 = 5*b. Let s be ((-1)/l)/(1/(-18)). Suppose y = s*y - 1400. What is the hundreds digit of y?
2
Let u(j) be the second derivative of 0*j**2 + 1/2*j**3 - 3*j + 0 - 1/12*j**4. What is the units digit of u(2)?
2
Let p be 4/6 - (-3 - 11/(-3)). Suppose p = -5*l - 34 + 144. Let h(g) = g**2 - 15*g + 14. What is the units digit of h(l)?
8
Let j(a) = 12*a**2 - a - 3. Let c(d) = -d**3 + 18*d**2 + 18*d + 23. Let f be c(19). Let t be j(f). Let l = 270 - t. What is the tens digit of l?
8
Let m be (26784/42 - 4)/((-2)/(-7)). Let j = m + -1364. Suppose 5*n - 156 - j = 0. What is the tens digit of n?
0
Let u(g) = g + 4. Let x be u(-3). Let q(h) = 4*h**2 + 3*h - 3. Let j be q(x). Suppose j*v - 281 = 2*s + 95, -2*v - 5*s = -212. What is the units digit of v?
6
Let f = 6675 - -42553. What i